 -m + g - m - 17. Give v(4).
-8
Let g(t) = -t. Let k(q) = -9*q + 1. Let m(s) = -6*g(s) + k(s). Suppose 0 = -5*z + 5, -7*a + 2*a = -z - 14. Give m(a).
-8
Let g(x) be the third derivative of x**5/12 - x**3/6 + 7*x**2. Calculate g(-1).
4
Let u(v) = v**3 + 2*v**2 + 3*v - 1. Let i = 6 - 9. Determine u(i).
-19
Let h = -13 - -7. Let z be ((-4)/h)/(4/(-12)). Let a(m) = 6*m + 3. Let g(u) = 7*u + 3. Let n(o) = 3*a(o) - 2*g(o). Determine n(z).
-5
Let w = -2 + 2. Let l(k) = 0*k**2 + 1 + k - k**2 + w*k**2. Let u = 0 - 1. Calculate l(u).
-1
Let i = 33/2 + -16. Let h(j) be the first derivative of 6*j + i*j**2 - 4 - 5/3*j**3 - 1/4*j**4. Determine h(-5).
1
Let h(c) = 22*c**2 + 2*c - 2. Let m(x) = 11*x**2 + x - 1. Let z(p) = 2*h(p) - 5*m(p). Let a(t) = t + 7. Let w be a(-6). Give z(w).
-11
Let h(q) be the first derivative of 3/2*q**2 + q + 1/3*q**3 + 1. Suppose -j = 4*j + v + 22, 3*j + 20 = -4*v. Determine h(j).
5
Let u(j) be the first derivative of j**2/2 + 5*j + 1. Let b = -9 - -5. Calculate u(b).
1
Let n(o) = -o**2 - 4*o + 3. Let p(q) = -5*q**2 - 21*q + 16. Let l(r) = 11*n(r) - 2*p(r). Determine l(-2).
1
Let f(k) = -k**2 - k. Suppose -16*u = -13*u + 3. What is f(u)?
0
Suppose -18 = -t + 5*z, 0*z = t + 2*z + 3. Let j(y) = -y + 3*y - t*y + 0*y. What is j(-6)?
6
Let y(t) = -t**3 - 3*t**2 + 5*t + 6. Let p be 4/(-14) - 30/(-7). Suppose -34 = -5*d + 86. Suppose -4*x + 5*h - h = d, -p*h + 16 = -2*x. Determine y(x).
2
Let d(l) = l - 12. Let j be (4/(-2))/((-3)/9). Let w be 3/(-9) - (-32)/j. What is d(w)?
-7
Let j(i) = -i**2 - 6*i + 5. Let u be (57/(-12) + 3)*-4. Let c be u/((-21)/30) + 3. Let o be j(c). Let a(l) = 4*l**2 + 2*l. Determine a(o).
12
Let a(s) = s**2 + 4*s - 4. Let i be a(-4). Let c(m) = -m**2 - 4*m. What is c(i)?
0
Let l be ((-4)/4 + 3)*1. Let b = l - 6. Let h(g) = 2*g**2 + 5*g + 2. Give h(b).
14
Suppose 0 = 5*a - 30 + 5. Let c(n) be the third derivative of n**6/120 - n**5/10 + 5*n**4/24 - 2*n**3/3 + 17*n**2. Determine c(a).
-4
Let k be (0 - 3) + 16/4. Let q(d) = d**3 + d - 1. What is q(k)?
1
Let l(c) = -4 - 6 + 4 - 3*c. Suppose 5 = -5*p + 30. Suppose -2*n = v + 4, 12 = -2*v - v - p*n. Determine l(v).
6
Let d(g) = g. Let a = -8 + 12. Let m be d(a). Suppose -10 + 6 = -m*q + 2*u, -4*u + 16 = 0. Let j(n) = n**2 - 5*n + 4. Calculate j(q).
-2
Let u(d) be the first derivative of 3 + 1/24*d**4 + 1/3*d**3 + 0*d + 3/2*d**2. Let j(t) be the second derivative of u(t). Determine j(2).
4
Let q(n) = -5 + 2*n + 4*n - n**2 + 0*n**2. Let a be q(4). Let s(b) = 0*b**3 + 3*b - b**a + 5*b**2 + 2*b**3. Give s(-3).
9
Let h(t) = -5*t + 1. Let k(s) = -8*s + 2*s - 1 + 2*s**3 - 3*s**3 - 6*s - 13*s**2. Let i be k(-12). Calculate h(i).
6
Let o(v) = -7*v**2 - 4*v + 10. Let m = -11 + 5. Let g(x) = -8*x**2 - 5*x + 11. Let n(k) = m*g(k) + 7*o(k). Calculate n(3).
1
Suppose l - 2*x = 3, -4*x = x + 10. Let m(u) = 7*u**3 + 5*u**2 + u - 6. Let i(t) = t**3 + t**2 - t + t - 1. Let j(h) = l*m(h) + 5*i(h). Determine j(1).
-2
Let l(d) = 2 + 11*d - 6*d - 3. Let a(u) = -u**3 - 13*u**2 - 3*u - 37. Let z be a(-13). Give l(z).
9
Let g(j) = j**3 - j - 2. Let w = -9 + 2. Let f = -7 - w. Calculate g(f).
-2
Suppose 3*y + 9 = -6. Let g = -67 - -64. Let b = y - g. Let c(w) = 5*w + 3. Calculate c(b).
-7
Let n(i) = 3*i**3 - 23*i**2 + 8*i - 14. Let a(z) = -2*z**3 + 15*z**2 - 5*z + 9. Let s(b) = 8*a(b) + 5*n(b). Determine s(3).
20
Suppose -5*v - 2 = -3*z + 14, -30 = 5*z + 3*v. Let b(d) be the first derivative of 2*d**3/3 + d**2 - 3*d + 7. Give b(z).
9
Let w = -2 + 0. Let t(u) = -5*u**3 - 5*u**2 + 4*u + 1. Let o(l) = 6*l**3 + 6*l**2 - 5*l - 1. Let y(h) = 4*o(h) + 5*t(h). Calculate y(w).
5
Suppose -5*q + 10 + 15 = 0. Let u(s) = -1 - s - 5 + q + 3*s**2. Let m be 2/4*2/(-1). Give u(m).
3
Let w(u) = u**2 - 9*u - 7. Let p = 52 + -46. Calculate w(p).
-25
Let d(r) = -8*r**2 - 5*r**3 + r**3 + 0*r**3 + 5*r**3 + r - 2. Give d(8).
6
Suppose -11*q + 0 = -0. Let g(o) be the second derivative of -2*o + 0 + q*o**2 + 0*o**3 - 1/12*o**4. Determine g(2).
-4
Let l(x) = -x - 10. Let v = -27 - -27. Determine l(v).
-10
Let p(i) be the second derivative of -i**5/20 + i**4/4 + i**2 + 8*i. Determine p(3).
2
Let o be 94/(-18) + 8/36. Let f(g) = -g - 4. Let r be f(-7). Let c(b) = 2*b**3 + 6*b - 3*b**3 + r - 4*b**2 + 0*b + 4. Calculate c(o).
2
Let m(j) = -j**2 - 6*j + 5. Suppose 3*z = -w - 21, -4*w = -0 + 12. Calculate m(z).
5
Suppose -3*x + 8 = -7*x. Let d be (5 + -6)/((-1)/x). Let a(i) = -i - 3*i**2 - 2*i**2 + 5*i**2 - i**2. Give a(d).
-2
Let d(p) = p**3 - 3*p**2 + 4*p - 2. Suppose 3*k = -0*k + 9. Suppose k*l = l + 6. Calculate d(l).
10
Let b = -23 + 13. Let c(t) be the second derivative of t**4/12 + 3*t**3/2 - 11*t**2/2 - t. Let l be c(b). Let f(p) = p**2 + 2*p. What is f(l)?
-1
Suppose 0 = -2*g + 4*g + 6. Let r be ((-9)/(-15) + g)*-5. Let b be (1*8)/(-10 + r). Let u(a) = -a**2 + 3*a - 2. What is u(b)?
-6
Suppose 12 = -2*g - 0. Let o(x) = x**3 + 6*x**2 - x + 2. Let u(t) = -t**3 - 6*t**2 + 2*t - 1. Let i(w) = -3*o(w) - 2*u(w). Give i(g).
2
Let b = -20 + 13. Let q(f) = -f**2 - 7*f + 5. Let y be q(b). Suppose -18 = -3*w - z, -z - 3*z + 30 = y*w. Let g(t) = -t + 4. What is g(w)?
-2
Let d(v) = -v**3 - v**2 - v + 7. Let n be ((-4)/12)/(2/12). Let m be (-4 - -3) + n + 3. Give d(m).
7
Let w(p) = -2*p**3 + 2*p**2 + p. Let u(g) = g**2 + 7*g + 2. Let c be u(-3). Let z(x) = 5*x - 2. Let i be z(-2). Let t = c - i. Give w(t).
-6
Suppose 15 = -6*f + f - l, -l - 3 = -f. Let o(u) = -u**3 - u**2 + u. Determine o(f).
2
Let p(m) = -m**3 - 4*m**2 - 3*m - 3. Let t be p(-3). Let c(f) be the second derivative of f**4/12 - f**2 - 22*f. Calculate c(t).
7
Let x(z) = -8*z - 6. Let b(p) = 7*p + 6. Let k(q) = 5*b(q) + 4*x(q). Give k(-4).
-6
Let f(c) = -9*c - 1. Let v be (-2 + 15/6)*30. Suppose 0 = 3*z + 3*r - v, -3*r + 7*r - 8 = -z. Let q = z + -5. What is f(q)?
8
Let w(b) = -b. Let h(u) = u + 4. Let r(q) = -h(q) - 2*w(q). Let d be 4/8 - 11/(-2). Calculate r(d).
2
Suppose -8 - 6 = -2*o + 4*x, 2*o = -4*x - 26. Suppose -2 = 2*j - 3*b, 2*j + 16 = 7*j + 3*b. Let k(y) = 7*y - 2*y + y**2 + 2 + j. Determine k(o).
-2
Let i = 6 + 1. Let x(p) = p - 10. Let l be x(i). Let t(k) = 2*k + 4. Let w(j) = 1. Let h(c) = -t(c) + 3*w(c). Give h(l).
5
Let g(k) = 6*k - 15. Let d(y) = 4*y - 10. Let v(t) = 8*d(t) - 5*g(t). Calculate v(4).
3
Let g(m) = -m**2 + 5*m. Let q = 12 + -6. Give g(q).
-6
Let g be (-14)/(-10) + 4/(-10). Let n(a) = a**3 - 2*a**2. Give n(g).
-1
Let p(j) be the first derivative of -2*j - 2 - 1/3*j**3 - 4*j**2. Give p(-7).
5
Let p(w) = 2*w + 4. Let i(n) = n + 2. Let c(r) = 5*i(r) - 3*p(r). Let a be (-2)/(-7) - (-80)/14. Suppose -3*y = -a*y - 15. Calculate c(y).
3
Let i be (-2)/18*-2 + (-100)/45. Let f(w) = -9*w - 1. Calculate f(i).
17
Suppose 3*w + 9 = -0*w. Let n(f) = 8*f + 2*f**2 - 11*f - 3*f**2. Give n(w).
0
Let i(o) = 7*o**2 + 1. Suppose 0 = 2*p - 2*z - 0*z - 60, -5*p + 110 = 3*z. Let h = -37 + p. Let t be (-10)/(-8) + 3/h. What is i(t)?
8
Suppose -2 = 4*t - 10. Let k(a) = 2*a**3 - 2*a**2 - 3*a + 3. Give k(t).
5
Let s(b) = -3*b**3 - b**2 - 3*b - 3. Let o(w) = -10*w**3 - 2*w**2 - 9*w - 9. Let c(y) = -2*o(y) + 7*s(y). Give c(-3).
6
Let n(a) = 6*a**3 - 5*a**2 - 4*a - 12. Let y(i) = 7*i**3 - 6*i**2 - 5*i - 13. Let p = -13 - -19. Let d(t) = p*n(t) - 5*y(t). What is d(0)?
-7
Suppose -5*d + 9 = -6*n + 3*n, n + 4*d + 3 = 0. Let b be n/(-12) + 7/4. Let p(h) = 4 - b*h - h - 3 + 7*h. Give p(-1).
-3
Let c(i) = -i**3 + 5*i**2 + 5*i + 7. Suppose 4*m = 4*x - 11 - 5, -4*m - 4 = -x. Let r be ((-12)/(-5))/(x/10). Calculate c(r).
1
Let q(a) be the third derivative of -a**4/24 + 3*a**2. Let u(v) = 2*v + 2. Let x(s) = -3*q(s) - u(s). Give x(5).
3
Suppose a = -3*m - 2 + 5, -m = -3*a + 9. Let o be 28/(-21) - 2/a. Let t(h) = -2*h**3 - h**2 + 3*h + 1. Calculate t(o).
7
Let l be (-1)/3 - (-25)/(-15). Let z(x) = x**2 - x - 1. Determine z(l).
5
Let g(p) = -7*p - 1. Suppose -8*j = -12*j - 4. Determine g(j).
6
Let j(k) = -k**3 - 4*k**2 + 6*k + 5. Suppose 4*c + 17 = -5*x, 2*x + 2*c = 6*x + 24. Calculate j(x).
0
Let l(h) = -3*h**2 + 2*h + 4*h**2 - 4*h. Let t be l(2). Let i(o) be the second derivative of -o**5/20 + o**3/6 - 5*o**2/2 + o. What is i(t)?
-5
Let u = -4 + 6. Suppose 0 = 3*t - n - 9, 4*t + u*n = n + 5. Let b(x) = -1 - 4*x**t + 3*x**2 + x**3 + 4*x - 3*x. Calculate b(2).
5
Let i(m) = m